{"id":836,"date":"2025-02-16T12:04:14","date_gmt":"2025-02-16T11:04:14","guid":{"rendered":"https:\/\/kaps.si\/grcnm\/?page_id=836"},"modified":"2025-05-11T13:28:04","modified_gmt":"2025-05-11T12:28:04","slug":"domov-clone-clone","status":"publish","type":"page","link":"https:\/\/kaps.si\/grcnm\/","title":{"rendered":"DOMOV Clone Clone"},"content":{"rendered":"\n\n\n\n\n\n<h3>Obvestila in novice<\/h3>\n\n\n<div class=\"wp-block-query is-layout-flow wp-block-query-is-layout-flow\"><ul style=\"background-color:#ece6e6d6;\" class=\"wp-block-post-template has-background is-layout-flow wp-block-post-template-is-layout-flow\"><li class=\"wp-block-post post-1061 post type-post status-publish format-standard hentry category-obvestila\">\n\n<div class=\"wp-block-columns alignwide is-layout-flex wp-container-core-columns-is-layout-9d6595d7 wp-block-columns-is-layout-flex\">\n<div class=\"wp-block-column is-layout-flow wp-block-column-is-layout-flow\" style=\"flex-basis:66.67%\"><\/div>\n\n\n\n<div class=\"wp-block-column is-layout-flow wp-block-column-is-layout-flow\" style=\"flex-basis:33.33%\"><h2 class=\"wp-block-post-title has-medium-font-size\"><a href=\"https:\/\/kaps.si\/grcnm\/2025\/09\/24\/razpis-kandidat-za-gasilca\/\" target=\"_self\" >Razpis KANDIDAT ZA GASILCA<\/a><\/h2>\n\n<div class=\"wp-block-post-excerpt has-small-font-size\"><p class=\"wp-block-post-excerpt__excerpt\"><\/p><p class=\"wp-block-post-excerpt__more-text\"><a class=\"wp-block-post-excerpt__more-link\" href=\"https:\/\/kaps.si\/grcnm\/2025\/09\/24\/razpis-kandidat-za-gasilca\/\">PREBERI VE\u010c<\/a><\/p><\/div><\/div>\n<\/div>\n\n<\/li><li class=\"wp-block-post post-1051 post type-post status-publish format-standard has-post-thumbnail hentry category-obvestila\">\n\n<div class=\"wp-block-columns alignwide is-layout-flex wp-container-core-columns-is-layout-9d6595d7 wp-block-columns-is-layout-flex\">\n<div class=\"wp-block-column is-layout-flow wp-block-column-is-layout-flow\" style=\"flex-basis:66.67%\"><figure style=\"aspect-ratio:auto;\" class=\"wp-block-post-featured-image\"><a href=\"https:\/\/kaps.si\/grcnm\/2025\/04\/29\/prvomajski-kresovi-kurite-varno-in-odgovorno\/\" target=\"_self\"  ><img loading=\"lazy\" decoding=\"async\" width=\"1200\" height=\"616\" src=\"https:\/\/kaps.si\/grcnm\/wp-content\/uploads\/2025\/05\/494048649_978867107732574_5557762911755206130_n-1.jpg\" class=\"attachment-post-thumbnail size-post-thumbnail wp-post-image\" alt=\"Prvomajski kresovi &#8211; kurite varno in odgovorno\" style=\"width:100%;height:100%;object-fit:cover;\" \/><\/a><\/figure><\/div>\n\n\n\n<div class=\"wp-block-column is-layout-flow wp-block-column-is-layout-flow\" style=\"flex-basis:33.33%\"><h2 class=\"wp-block-post-title has-medium-font-size\"><a href=\"https:\/\/kaps.si\/grcnm\/2025\/04\/29\/prvomajski-kresovi-kurite-varno-in-odgovorno\/\" target=\"_self\" >Prvomajski kresovi &#8211; kurite varno in odgovorno<\/a><\/h2>\n\n<div class=\"wp-block-post-excerpt has-small-font-size\"><p class=\"wp-block-post-excerpt__excerpt\">Uprava RS za za\u0161\u010dito in re\u0161evanje (URSZR) ter Gasilsko-re\u0161evalni center Novo mesto pozivata vse organizatorje in posameznike, da ob prvomajskih&hellip;<\/p><p class=\"wp-block-post-excerpt__more-text\"><a class=\"wp-block-post-excerpt__more-link\" href=\"https:\/\/kaps.si\/grcnm\/2025\/04\/29\/prvomajski-kresovi-kurite-varno-in-odgovorno\/\">PREBERI VE\u010c<\/a><\/p><\/div><\/div>\n<\/div>\n\n<\/li><li class=\"wp-block-post post-624 post type-post status-publish format-standard has-post-thumbnail hentry category-obvestila\">\n\n<div class=\"wp-block-columns alignwide is-layout-flex wp-container-core-columns-is-layout-9d6595d7 wp-block-columns-is-layout-flex\">\n<div class=\"wp-block-column is-layout-flow wp-block-column-is-layout-flow\" style=\"flex-basis:66.67%\"><figure style=\"aspect-ratio:auto;\" class=\"wp-block-post-featured-image\"><a href=\"https:\/\/kaps.si\/grcnm\/2025\/02\/09\/zakljucek-arhitekturnega-natecaja-2\/\" target=\"_self\"  ><img loading=\"lazy\" decoding=\"async\" width=\"1879\" height=\"984\" src=\"https:\/\/kaps.si\/grcnm\/wp-content\/uploads\/2025\/02\/474592980_1019344123557990_33368371662425849_n.jpg\" class=\"attachment-post-thumbnail size-post-thumbnail wp-post-image\" alt=\"Zaklju\u010dek arhitekturnega nate\u010daja\" style=\"width:100%;height:100%;object-fit:cover;\" \/><\/a><\/figure><\/div>\n\n\n\n<div class=\"wp-block-column is-layout-flow wp-block-column-is-layout-flow\" style=\"flex-basis:33.33%\"><h2 class=\"wp-block-post-title has-medium-font-size\"><a href=\"https:\/\/kaps.si\/grcnm\/2025\/02\/09\/zakljucek-arhitekturnega-natecaja-2\/\" target=\"_self\" >Zaklju\u010dek arhitekturnega nate\u010daja<\/a><\/h2>\n\n<div class=\"wp-block-post-excerpt has-small-font-size\"><p class=\"wp-block-post-excerpt__excerpt\">Novome\u0161ki poklicni gasilci se veselimo zaklju\u010dka arhitekturnega nate\u010daja za novo Regionalno sredi\u0161\u010de za za\u0161\u010dito, re\u0161evanje in pomo\u010d Novo mesto! Novi&hellip;<\/p><p class=\"wp-block-post-excerpt__more-text\"><a class=\"wp-block-post-excerpt__more-link\" href=\"https:\/\/kaps.si\/grcnm\/2025\/02\/09\/zakljucek-arhitekturnega-natecaja-2\/\">PREBERI VE\u010c<\/a><\/p><\/div><\/div>\n<\/div>\n\n<\/li><\/ul><\/div>\n\n\n\n<div class=\"cff-wrapper\"><div class=\"cff-wrapper-ctn \" ><div id=\"cff\"  class=\"cff cff-list-container  cff-default-styles  cff-mob-cols-1 cff-tab-cols-1\"   style=\"width:100%;\"   data-char=\"400\"  data-cff-flags=\"gdpr\" >\n<section class=\"cff-likebox cff-top\" >\n\t\t<iframe title=\"Likebox Iframe\" src=\"\" class=\"fb_iframe_widget\" data-likebox-id=\"533618723424899\" data-likebox-width=\"350\" data-likebox-header=\"\" data-hide-cover=\"\" data-hide-cta=\"\" data-likebox-faces=\"\" data-height=\"130\" data-locale=\"sl_SI\" scrolling=\"no\" allowTransparency=\"true\" allow=\"encrypted-media\" ><\/iframe>\n<\/section>\n<div class=\"cff-posts-wrap\"><\/div><input class=\"cff-pag-url\" type=\"hidden\" data-locatornonce=\"0367312f03\" data-cff-shortcode=\"{&quot;feed&quot;: &quot;1&quot;}\" data-post-id=\"836\" data-feed-id=\"533618723424899\"><\/div><\/div><div class=\"cff-clear\"><\/div><\/div>\n\n\n<hr class=\"wp-block-separator has-alpha-channel-opacity is-style-default\"\/>\n\n<h5>Obi\u0161\u010dite nas<\/h5>\n\n\n<p>Lorem Ipsum has been the industry&#8217;s standard dummy text ever since the 1500s.<\/p>\n\n\n<p [object NamedNodeMap]>V kolikor bi nas \u017eeleli obiskati, vas prosimo, da sporo\u010dite datum \u017eelenega obiska in okvirno \u0161tevilo ljudi ter nas <a href=\"https:\/\/kaps.si\/grcnm\/contact\/\" data-type=\"page\" data-id=\"31\">kontaktirajte >><\/a><\/p>\n\n\n<hr class=\"wp-block-separator has-alpha-channel-opacity is-style-default\"\/>\n\n<h5>Po\u017earne stra\u017ee<\/h5>\n\n\n\n\n\n\n\n<p [object NamedNodeMap]><a href=\"https:\/\/docs.google.com\/forms\/d\/e\/1FAIpQLSc7dkj9SoLOqeApDNGPf8iL1eXoAIo44IPgzgudNSEOfgiZEA\/viewform?pli=1\">Obrazec za naro\u010dilo po\u017earne stra\u017ee v Mestni ob\u010dini Novo mesto >><\/a><\/p>\n\n\n<hr class=\"wp-block-separator has-alpha-channel-opacity is-style-default\"\/>\n\n\n\n\n\n\n\n\n\n\n\n<h6><strong>V letu 2024 smo posredovali v 412 intervencijah:<\/strong><\/h6>\n\n\n<div class=\"wp-block-columns is-layout-flex wp-container-core-columns-is-layout-9d6595d7 wp-block-columns-is-layout-flex\">\n<div class=\"wp-block-column is-layout-flow wp-block-column-is-layout-flow\" style=\"flex-basis:100%\">\n\n<div class=\"wp-block-columns is-layout-flex wp-container-core-columns-is-layout-9d6595d7 wp-block-columns-is-layout-flex\">\n<div class=\"wp-block-column is-layout-flow wp-block-column-is-layout-flow\">\n\n\n<h6>143<br>Po\u017eari<\/h6>\n<\/div>\n\n\n\n<div class=\"wp-block-column is-layout-flow wp-block-column-is-layout-flow\">\n\n\n<h6>102<br>Nesre\u010de v prometu<\/h6>\n<\/div>\n\n\n\n<div class=\"wp-block-column is-layout-flow wp-block-column-is-layout-flow\">\n\n\n<h6>5<br>Naravne nesre\u010de<\/h6>\n<\/div>\n\n\n\n<div class=\"wp-block-column is-layout-flow wp-block-column-is-layout-flow\">\n\n\n<h6>23<br>Nesre\u010de z nevarnimi snovmi<\/h6>\n<\/div>\n\n\n\n<div class=\"wp-block-column is-layout-flow wp-block-column-is-layout-flow\">\n\n\n<h6>139<br>Tehni\u010dna in druga pomo\u010d<\/h6>\n<\/div>\n<\/div>\n\n<\/div>\n<\/div>\n\n\n","protected":false},"excerpt":{"rendered":"","protected":false},"author":1,"featured_media":0,"parent":0,"menu_order":0,"comment_status":"closed","ping_status":"closed","template":"","meta":{"pagelayer_contact_templates":[],"_pagelayer_content":"","footnotes":""},"class_list":["post-836","page","type-page","status-publish","hentry"],"rttpg_featured_image_url":null,"rttpg_author":{"display_name":"admin","author_link":"https:\/\/kaps.si\/grcnm\/author\/admin\/"},"rttpg_comment":0,"rttpg_category":null,"rttpg_excerpt":null,"_links":{"self":[{"href":"https:\/\/kaps.si\/grcnm\/wp-json\/wp\/v2\/pages\/836","targetHints":{"allow":["GET"]}}],"collection":[{"href":"https:\/\/kaps.si\/grcnm\/wp-json\/wp\/v2\/pages"}],"about":[{"href":"https:\/\/kaps.si\/grcnm\/wp-json\/wp\/v2\/types\/page"}],"author":[{"embeddable":true,"href":"https:\/\/kaps.si\/grcnm\/wp-json\/wp\/v2\/users\/1"}],"replies":[{"embeddable":true,"href":"https:\/\/kaps.si\/grcnm\/wp-json\/wp\/v2\/comments?post=836"}],"version-history":[{"count":29,"href":"https:\/\/kaps.si\/grcnm\/wp-json\/wp\/v2\/pages\/836\/revisions"}],"predecessor-version":[{"id":1060,"href":"https:\/\/kaps.si\/grcnm\/wp-json\/wp\/v2\/pages\/836\/revisions\/1060"}],"wp:attachment":[{"href":"https:\/\/kaps.si\/grcnm\/wp-json\/wp\/v2\/media?parent=836"}],"curies":[{"name":"wp","href":"https:\/\/api.w.org\/{rel}","templated":true}]}}